prime number?
False
Suppose 9*s = 8*s - 5156. Let p = s - -8727. Is p a composite number?
False
Suppose -2*c - 2730 = -o, -3*o - c + 3142 = -5048. Let w = o - 1177. Is w prime?
True
Suppose 6*b - 354 = -264. Is (-8)/60 + (106802/b - -1) composite?
False
Let q(b) = b**2 + b + 1. Let u(j) = 4*j**2 + 6*j + 7. Let k(h) = 5*q(h) - u(h). Let f be k(-1). Is (f + -519)*4/(-20)*5 a prime number?
False
Suppose 0 = -5*q + 35 - 130. Let h(p) = 44*p + 15. Let j(i) = 90*i + 28. Let l(b) = 11*h(b) - 6*j(b). Is l(q) a prime number?
True
Is (77/66 - 26/(-24))/((-9)/(-2197812)) composite?
True
Is (-5600)/(-3920) - (-2851972)/7 a prime number?
False
Let s be (28/2)/((-51)/(-34))*3954. Suppose 87*q = 83*q - 4*v + s, -4*q + 2*v + 36874 = 0. Is q composite?
False
Let x(n) = 2*n - 4*n**3 - 6*n + 19*n**2 + 3*n**3 + 11. Let j = 2265 - 2247. Is x(j) composite?
False
Suppose 23 = 6*s - 43. Suppose -5*r + 10*u - s*u + 3052 = 0, 3*u = r - 620. Is r composite?
True
Let q(f) = f**3 - 17*f**2 - 38*f + 13. Let s be q(19). Suppose -8 = 2*n, 9*z + 7392 = s*z - n. Is z a prime number?
True
Let f(t) = -341*t - 123. Suppose -3*s = 18 - 0. Is f(s) a prime number?
False
Suppose t + 398088 = -59*n + 63*n, 4*n - 398104 = 5*t. Is n a prime number?
False
Suppose -5*j - 6 - 39 = 0. Is j/8 + 7/56 + 13158 a prime number?
False
Let j(f) = -f + 1. Let i(u) = -106*u + 13. Let z(g) = i(g) + 3*j(g). Is z(-9) composite?
False
Let g = -20459 - -39076. Is g a composite number?
False
Let r be ((-36)/12)/(15/(-80)). Suppose 12*t + 15956 = r*t. Is t prime?
True
Suppose -2*x + 4776 - 90 = 0. Let h = x - -8684. Is h prime?
True
Let k(x) = -3*x + 2. Let r(o) = -o + 1. Let u(y) = -6*k(y) + 17*r(y). Let a be u(-3). Suppose -a*j - 506 = -4*j. Is j a composite number?
True
Let u(w) = 70*w**2 + 20*w + 123. Is u(35) a composite number?
False
Let v(o) = -6 + 0 + 2*o + 57*o**2 + 8*o**2 + 2. Let a(f) = -66*f**2 - f + 4. Let x(p) = -7*a(p) - 6*v(p). Is x(-3) composite?
False
Let h(z) be the first derivative of 2*z**3/3 + 17*z**2 + 5*z + 13. Let k(g) be the first derivative of h(g). Is k(0) a composite number?
True
Suppose 0 = 2*z - 5*x - 5895, -8*z + 14805 = -3*z + x. Let k = z + -1705. Is k prime?
False
Let v(p) = -p**3 + 16*p**2 - 14*p - 21. Let a be v(15). Let w be (-115045)/(-21) + (-2)/a*-1. Suppose -8*f = -2*f - w. Is f composite?
True
Let f = -18 + 27. Let g(q) = 27*q - 14*q - 18 - 1 + 35*q. Is g(f) composite?
True
Let n(m) = 3*m**2 + 52*m + 23. Let u = -69 + 39. Is n(u) a composite number?
False
Suppose -252*f + 103192 = -244*f. Suppose 5*a = 2*x + f, -3188 + 603 = -a + 3*x. Is a a prime number?
True
Let c(i) = 68*i - 10. Let f be c(2). Suppose 131*x = f*x. Is x + 3538/8 - (-48)/64 a composite number?
False
Let v = -124 + 130. Suppose 0 = v*a - 13977 - 7905. Is a a prime number?
False
Let g(k) = k**3 + 4*k**2 - 8*k - 8. Let w be g(-5). Is (w + -3)*(-4535)/(-20) composite?
False
Let y(r) be the second derivative of -7*r**5/10 + 2*r**4/3 + r**3/2 + r**2 + 398*r. Let b = -7 - -2. Is y(b) a composite number?
True
Let h(c) = -c**2 - 11*c + 5501. Let w = 513 - 513. Is h(w) a prime number?
True
Let p = 393694 - 38271. Is p prime?
False
Suppose 10*x - 2*u = 4*x + 10738, 5*u = 4*x - 7144. Suppose -3203 = x*w - 1792*w. Is w a prime number?
True
Let c(k) = -k**3 + 2*k**2 + 12. Let a be c(4). Is (-2)/(-7)*(-2021530)/a a composite number?
False
Suppose -6 + 24 = 3*m. Let x(c) = -57 - m*c + 6*c**2 - 51 + 107. Is x(7) a composite number?
False
Let k be 32/(-8) - 134*-1. Suppose k*r + 29420 = 134*r. Is r composite?
True
Let n(k) = k**2 - 187*k + 65677. Is n(0) a composite number?
False
Let z(o) = 10*o**2 - 4*o + 4. Let w be z(1). Let r be -5 - (-54)/10 - 1514/w. Let j = 792 - r. Is j a composite number?
True
Let u = -18160 + 26579. Is u a prime number?
True
Let r = -75788 - -107392. Suppose 4*u - r = -w, 0 = 5*u - 5*w - 20142 - 19363. Is u a composite number?
False
Let l(q) = 89*q - 77. Suppose 2*d + 2*n + 4 = 3*d, 3*n = -3*d + 21. Let i be l(d). Suppose 3*x - 2*x + 2*p - 427 = 0, -4*p = -x + i. Is x a composite number?
True
Suppose 5*l + 3*t = 125, 11 - 1 = -2*t. Suppose -4*s - 3*v + l = v, -20 = -5*v. Is s/(15/740) + 1 prime?
True
Let m = 66 + -37. Let p(j) = 5 - 25*j + 3*j - m*j + 3*j. Is p(-6) a prime number?
True
Let b be (-198)/48 + 4 - 55399/8. Let q = b - -10142. Is q prime?
True
Suppose 55 = -c + 12*c. Suppose -c*t + 21438 = 4*t. Suppose -z - 283 = -t. Is z composite?
False
Suppose 6*i + 78 = -7*i. Let l be (-4)/i*(-9)/(-3). Let p(b) = 731*b**2 - b + 5. Is p(l) a composite number?
False
Suppose 0 = 2*i - 3*i - 2, 4*w - i = 2. Suppose w = 19*d + 1880 - 31786. Is d prime?
False
Suppose -2*y - 403 = -3*i - 16968, -5*y = -4*i - 22075. Let q = 8662 + i. Is q a composite number?
False
Suppose -4*c = -2*h - 0*c - 2582, 5*h + c = -6488. Let b = h - -2703. Is b/6 + 24/9 + -2 a prime number?
False
Let x = -8 + 11. Let w(g) = -3*g**2 + 7*g + 10. Let b be w(3). Is (2962/b)/(x/6) composite?
False
Is (-4)/18 - (3/(-13) + (-305368584)/1404) prime?
True
Let h(u) = 312*u - 92. Let r(f) = -313*f + 92. Let q(m) = -6*h(m) - 7*r(m). Is q(9) composite?
True
Suppose 25*a = 16*a + 318978. Suppose 5 = -5*i, 7*l + 2*i = 3*l + a. Is l a composite number?
False
Is -46573*14/(322/(-299)) composite?
True
Let w = -71 - -47. Is 4*(-2)/w*(0 - -7563) composite?
False
Let i(x) = 5045*x - 380. Is i(17) a prime number?
False
Let r = 126778 - 31895. Is r composite?
True
Let s = 48396 + -32070. Is (4 - 40/12)/(12/s) prime?
True
Let n(f) = -347*f**3 - f**2 - f - 1. Let j be n(-1). Let w = j + 1293. Is w a composite number?
True
Let o = 709035 + -207244. Is o prime?
False
Let s = 4634059 + -3253002. Is s composite?
False
Let y(q) = -q**2 + 4*q + 3. Let t(o) = o - 12. Let w be t(16). Let b be y(w). Suppose -21 = -a + 5*j, b*a + 149 = 8*a - 3*j. Is a composite?
False
Let s(q) = -q**2 - 20*q - 32. Let w be s(-18). Suppose 1502 = w*g - 150. Is g composite?
True
Let r = 11209 - -67768. Is r composite?
False
Suppose 0 = -5*a - 0*a + 175. Let x(d) = 107*d**2 + 3 + 31*d - a*d + 9. Is x(-5) a prime number?
True
Let g be ((-3829014)/189)/(2/(-3)). Let w = -18066 + g. Is w a prime number?
True
Let t = -1421475 - -3270212. Is t a composite number?
True
Let d(s) = -2421*s - 109. Let f be d(-9). Suppose -5*g + 2*h + 54179 = 0, 2*g - 9*h - f = -11*h. Is g composite?
False
Let m be 6/24*20 - -2. Suppose -t = -m*t + 978. Is t composite?
False
Let w(m) = -16*m**3 + 4*m**2 - 3*m - 2. Let l be w(-5). Let c = 1250 - 765. Suppose -4*f - c = -l. Is f composite?
True
Suppose 0 = 30*x - 25*x - 25, -2*c - 6*x = -359824. Is c a prime number?
True
Let a(g) = -g**2 - 3*g + 10. Let t be a(-11). Is (6/4)/(t/(-36868)) prime?
True
Suppose 3*g = -97*g + 3913243 + 17670657. Is g a composite number?
True
Let m = -224 - -229. Suppose -5*r + m*q + 20895 = 0, -3*q + 30136 = 5*r + 9257. Is r prime?
True
Let k = 5550 + 1063. Is k a prime number?
False
Let z be 2/11 + 8/(-44) - 3. Let c be -1*(3 + -6 - z)/(-3). Suppose -g - 4*g = c, 3*g + 323 = t. Is t a composite number?
True
Suppose -3*p + 4*p + 2727 = -2*g, 0 = -3*p - 3. Is (-162)/90 - (-2)/(-10) - g prime?
True
Let y be 4360/(-30)*((-17)/2 - -1). Suppose 3*o = h - y, 1143 + 1013 = 2*h + 2*o. Is h a prime number?
False
Let r = -31 + -76. Let k be ((-349)/4)/(126/(-1008)). Let g = r + k. Is g prime?
False
Let q be (-9)/(-5 - (-112)/22). Let v = q - -152. Is v a prime number?
True
Suppose 9*z = -16370 + 70622. Suppose -9*y + 13*y = z. Is y composite?
True
Let f(r) = 13*r**2 + 39*r + 51. Let t be f(15). Is (t/2)/((-10)/20 - -2) a composite number?
False
Let l(n) = -n**2 + 20*n - 47. Let p be l(17). Suppose -8 = 4*r, -p*r = -2*z + z + 13893. Is z a prime number?
False
Suppose -33*s - 88492 = -37*s. Is s a prime number?
True
Let k = -4 - -6. Suppose -5*i - 9 = -28*u + 32*u, -23 = -2*u + 3*i. Suppose -b + k*g + 343 = u*g, -5*b = 2*g - 1683. Is b prime?
False
Let g = 2006527 + -1198614. Is g composite?
True
Let v be 522525/20 - 12/48. Is (v/6)/(((-56)/24)/(-7)) a composite number?
False
Suppose w - 4*q - 71367 = 0, -2*q = -3*w + 15*w - 856454. Is w a composite number?
True
Suppose -34*u = 31*u - 2598505. Is u composite?
True
Let z be ((-54)/36)/((-2)/4). Suppose -5*i + 8436 = 4*u, 0 = -5*u + z*i + i + 10545. Suppose -10 = -d - d, 2*d - u = -m